 = -r - 2*r + 4*z + 41. What is the greatest common factor of 99 and r?
11
Let q be 50/(-2)*(12 + -14). Calculate the highest common divisor of q and 20.
10
Suppose 2*i - g - 17 = 0, 2*g + 0*g + 26 = 3*i. What is the highest common divisor of 16 and i?
8
Let w(n) = 5*n + 2*n**3 - 4*n - 5*n**2 + 2*n**2 - 4. Let o be w(3). Let d be 197/5 - 2/5. Calculate the highest common divisor of d and o.
13
Let z(t) = t**2 - 4*t - 1. Let v be z(3). Let m be 242/v*(-18)/9. What is the highest common divisor of m and 11?
11
Let t(n) = -17*n**3 + 3*n + 2. Let i be t(-1). Calculate the greatest common factor of i and 128.
16
Let z = -2 + 2. Suppose z = 4*w + m - 47, 4 = -0*m - 4*m. Calculate the greatest common factor of 30 and w.
6
Let a(p) = p**3 + 5*p**2 - 2*p - 4. Let j be a(-5). Let t be (-20)/(-9) - (-4)/(-18). Suppose 97 + 35 = t*v. What is the greatest common factor of j and v?
6
Let v(q) be the third derivative of q**5/6 - q**4/8 + q**3/6 + q**2. Let s be v(2). Calculate the greatest common factor of s and 5.
5
Let r be ((-10)/(-8))/(1/8). Suppose 4*o = -0*o + 16. Calculate the highest common divisor of o and r.
2
Let a(n) be the third derivative of n**5/60 + n**4/24 + n**3/6 - 2*n**2. Let s be a(-2). Let i be 75 - (18/2)/s. What is the highest common divisor of i and 9?
9
Suppose -9*v - 27 = -6*v. Let l be 2*v*(-6)/9. What is the greatest common factor of 60 and l?
12
Let o = 132 + -32. What is the greatest common factor of 20 and o?
20
Suppose -3*b + 7*b = 52. What is the highest common divisor of 1 and b?
1
Let k(s) = -4*s - 71. Let q be k(-19). Let n be ((-3)/(-2))/((-2)/(-20)). Calculate the highest common factor of q and n.
5
Suppose 9 = 3*m - 3*u - 0*u, -5*m + 4*u = -18. Let i = 16 + -10. Suppose -4*s + i = -2*s. Calculate the greatest common divisor of s and m.
3
Let w be ((-35)/(-20))/((-2)/(-24)). Let f be 3 + 142 + 5 + -3. What is the highest common factor of f and w?
21
Suppose -4*g = -124 - 188. Let j be ((-15)/(-4))/(3/(-12)). Let r = j + g. Calculate the greatest common factor of r and 9.
9
Let w = 18 + -25. Let d = w - -12. Suppose -n - 2*n + 337 = d*r, 0 = r + 5*n - 85. What is the highest common factor of 26 and r?
13
Suppose -o = k - 2*o - 2, -3*k + 30 = 5*o. Let s be 1/((-3)/(-18)) + -1. Calculate the highest common factor of k and s.
5
Let p = -33 - -54. Suppose -3*r + 24 = 3. What is the highest common divisor of p and r?
7
Let s(w) = 30*w**2 + 7*w - 16. Let x be s(3). Calculate the greatest common factor of 11 and x.
11
Let b = 47 - 23. Calculate the greatest common divisor of 120 and b.
24
Let r be 1/5 - (-358)/10. Let x(j) = 4*j - 3. Let l be x(3). Calculate the greatest common factor of l and r.
9
Let b(z) = -2*z**3 - 5*z**2 - 4*z. Let a be b(-3). Let v(y) = -y**2 + 12*y + 7. Let n be v(12). Let s = a - n. Calculate the highest common factor of 56 and s.
14
Suppose 10*r = 5*r + 45. Let j = -7 + r. Let u be (-67)/(-3) + 1/(-3). What is the greatest common factor of u and j?
2
Let c be 814/30 - (-4)/(-30). Let r = 12 + -3. Suppose 0*s + s = r. What is the greatest common divisor of s and c?
9
Suppose 0 = t - 0 - 3. Suppose 0 = 5*j - 4*k - 474, 3*j + 3*k = -j + 373. Let d be j/8 - 6/(-24). What is the highest common factor of d and t?
3
Suppose -49 - 14 = -r. Let a(l) = -6*l - 1. Let t be a(4). Let i be (-2)/(-3) - t/3. What is the highest common factor of r and i?
9
Let a(q) = -9*q + 2*q - 38*q. Let y be a(-1). What is the highest common factor of y and 18?
9
Suppose 0 = 3*r, 3*t = 3*r - r. Suppose t = 3*h - 7*h - 20. Let j be (-4)/10 - 22/h. Calculate the highest common factor of j and 44.
4
Let w = -238 - -436. Calculate the greatest common divisor of 33 and w.
33
Suppose z = 46 + 17. What is the highest common divisor of z and 21?
21
Let d be 4/(-30) - 4152/(-90). Suppose -4*a = -5*p + d, 0 = -3*p - 4*a + 1 + 1. Calculate the highest common divisor of 30 and p.
6
Let j = 0 - -8. What is the greatest common factor of 64 and j?
8
Let q = 79 + -9. Calculate the highest common divisor of 105 and q.
35
Suppose 0 = 4*l - 458 - 26. Calculate the highest common factor of l and 11.
11
Suppose -10 + 2 = h + m, 4*h = -2*m - 28. Let k be h/(-1) + 0 + -1. Let f(t) = 2*t + 5. Let s be f(5). What is the greatest common factor of k and s?
5
Suppose -4*r + 22 = 2. Suppose 5*v = -r*t + v + 291, 0 = -2*t + 5*v + 90. Let n(o) = 21*o**2 + o. Let b be n(1). Calculate the highest common factor of t and b.
11
Let j(l) = 17*l**2 + 4*l + 3. Let x be j(-2). What is the greatest common divisor of 7 and x?
7
Let n be -1 + 33*1 + (-22 - -20). Calculate the highest common factor of n and 60.
30
Let n be (1 + -4)/((-6)/8). Suppose 3*m = n*m. Suppose -2*y + 53 + 19 = m. What is the greatest common divisor of y and 18?
18
Let i(q) = 14*q**3 + q**2 + q. Let f be i(-1). Let c be 25 - (0 - (-1 + -1)). Let o = f + c. What is the greatest common factor of 36 and o?
9
Suppose 0*s - 250 = -2*w + 5*s, -4*w - 2*s = -452. What is the highest common divisor of w and 46?
23
Suppose -12 = -3*z, 2*f - 28 = z - 4*z. Suppose f*k = 3*k + 40. Suppose -2*v - 2*m + 38 = -m, -4*m = 3*v - 52. Calculate the greatest common divisor of k and v.
4
Let w(d) = 12*d**2 + d. Suppose 0 = 5*k - 2 - 13. Let r be ((-2)/k)/((-10)/(-15)). Let v be w(r). Calculate the highest common divisor of 22 and v.
11
Let s = 2 + 1. Suppose 0 = 4*b - s*b - 13. Suppose 3*p - 71 = -5*l, 3*l + 0*p + 2*p = 43. What is the highest common factor of l and b?
13
Suppose 6*a - 9 = 3*a. Let d = 7 + a. Calculate the greatest common divisor of 2 and d.
2
Let d(q) = q**2 - q - 2. Let n be (-2 - -2 - 2) + -1. Let a be d(n). Let l be (0 - 0) + 1 + 1. What is the greatest common divisor of l and a?
2
Suppose 5*z + 72 = 11*z. What is the highest common divisor of z and 6?
6
Suppose -4*q - 3*h + 2*h = -393, -5*h = 3*q - 282. What is the highest common divisor of 11 and q?
11
Suppose f = -x - 1, -5*f - 4 = x - 11. Suppose -f*v + v + 5 = 0. Let t be (20/(-6))/(2/(-21)). What is the greatest common divisor of t and v?
5
Let r be 0 + -2 - (-3)/(-3). Let q be (r - -1)*(0 + -5). What is the greatest common factor of 80 and q?
10
Suppose -5*b = -8*b + 45. Calculate the greatest common divisor of b and 5.
5
Let j(o) = -o**3 - 4*o**2 - 2*o. Let t be j(-3). Let c = t + 22. Calculate the highest common factor of 95 and c.
19
Suppose 1 = 2*t - 13. Suppose 4*m - t*m + 90 = 0. What is the highest common factor of 6 and m?
6
Let k(i) = i**2 - 20*i + 26. Let p be k(20). What is the highest common factor of 26 and p?
26
Let x(i) = -i**2 + 14*i - 9. Let f be x(9). Suppose b + 0*b - 9 = 0. Calculate the greatest common divisor of f and b.
9
Let w(t) = 2*t**3 + 12*t**2 - 7*t - 10. Let o be w(-6). What is the highest common divisor of 288 and o?
32
Suppose s + 168 = 7*s. Calculate the highest common factor of s and 70.
14
Let l be (-1 - -7)/((-8)/24). Let i = l - -25. What is the highest common divisor of 7 and i?
7
Let r(a) = 2*a**2 - 25*a + 1. Let c be r(13). Let i(b) = 28*b**3 + b - 1. Let m be i(1). Calculate the highest common factor of c and m.
14
Let b = 3 + -1. Suppose -3*i - b*i = -25. Suppose -2*o = f - 69, -5*f + 20 - i = 0. What is the greatest common divisor of o and 11?
11
Let n(a) be the first derivative of -a**3/3 - 19*a**2/2 - 6. Let o be n(-14). What is the highest common divisor of 10 and o?
10
Let f be (-8)/(-4) + -1 + 2 - -47. Calculate the greatest common factor of f and 10.
10
Let i be (-1 + -107)/(-2) - -2. Calculate the greatest common divisor of i and 14.
14
Let l = -7 - -40. Suppose -24 = -4*h + 48. Let v = l - h. Calculate the highest common divisor of v and 45.
15
Suppose -4*a = 3*i - 36, 3*a - 5*i = 47 + 9. Let m = 6 + a. Calculate the greatest common factor of 27 and m.
9
Let w(o) = o - 4. Let h be w(5). Let s = 8 - h. What is the highest common factor of 14 and s?
7
Suppose 0 = m + h - 26, -3*h = -m + 2*m - 34. What is the greatest common divisor of 110 and m?
22
Let m = -6 + 8. Suppose -y = -3*l - 4 + 141, -l + m*y + 49 = 0. What is the highest common factor of 5 and l?
5
Let n = -39 - -45. Calculate the greatest common divisor of 30 and n.
6
Let j be (2/((-4)/18))/(-33 - -32). Calculate the greatest common factor of 72 and j.
9
Suppose s + 8 = 2*s. Suppose 5*v + 5*y - 70 = 25, 5*v = 4*y + 140. What is the h